{"id":1513,"date":"2023-12-09T13:03:19","date_gmt":"2023-12-09T18:03:19","guid":{"rendered":"https:\/\/tiendasamor.com\/?post_type=product&#038;p=1513"},"modified":"2023-12-09T13:03:19","modified_gmt":"2023-12-09T18:03:19","slug":"the-collection-glitzy-halo-recargable","status":"publish","type":"product","link":"https:\/\/tiendasamor.com\/index.php\/producto\/the-collection-glitzy-halo-recargable\/","title":{"rendered":"The Collection Glitzy Halo Recargable"},"content":{"rendered":"<p>\u00a1La fuerza de la colecci\u00f3n Glitzy Deco Bullet brillar\u00e1!<\/p>\n<p>Los acentos dorados de Deco aportan estilo a tu tiempo de juego.<\/p>\n<p>Descubra 10 potentes funciones de vibraci\u00f3n dentro del cuerpo compacto de Glitzy Deco.<\/p>\n<p>\u00a1Discreto, f\u00e1cil de almacenar y un compa\u00f1ero de viaje perfecto!<\/p>\n<p>Glitzy Deco es recargable, seguro para el cuerpo, a prueba de salpicaduras y f\u00e1cil de limpiar.<\/p>\n<ul>\n<li>Dise\u00f1o compacto, moderno y elegante<\/li>\n<li>10 potentes funciones de vibraci\u00f3n<\/li>\n<li>Recargable por USB (cable inclu\u00eddo)<\/li>\n<li>Material: pl\u00e1stico ABS suave y seguro<\/li>\n<li>Libre de l\u00e1tex, ftalatos y sin olor<\/li>\n<li>A prueba de agua (no sumergible)<\/li>\n<\/ul>\n<p>&nbsp;<\/p>\n","protected":false},"excerpt":{"rendered":"<p>\u00a1La fuerza de la colecci\u00f3n Glitzy Deco Bullet brillar\u00e1! Los acentos dorados de Deco aportan estilo a tu tiempo de juego. Descubra 10 potentes funciones de vibraci\u00f3n dentro del cuerpo compacto de Glitzy Deco. \u00a1Discreto, f\u00e1cil de almacenar y un compa\u00f1ero de viaje perfecto! Glitzy Deco es recargable, seguro para el cuerpo, a prueba de [&hellip;]<\/p>\n","protected":false},"featured_media":1514,"comment_status":"open","ping_status":"closed","template":"","meta":[],"product_brand":[],"product_cat":[44,27],"product_tag":[],"class_list":{"0":"post-1513","1":"product","2":"type-product","3":"status-publish","4":"has-post-thumbnail","6":"product_cat-clitorales","7":"product_cat-vibradores","9":"first","10":"instock","11":"shipping-taxable","12":"purchasable","13":"product-type-simple"},"_links":{"self":[{"href":"https:\/\/tiendasamor.com\/index.php\/wp-json\/wp\/v2\/product\/1513","targetHints":{"allow":["GET"]}}],"collection":[{"href":"https:\/\/tiendasamor.com\/index.php\/wp-json\/wp\/v2\/product"}],"about":[{"href":"https:\/\/tiendasamor.com\/index.php\/wp-json\/wp\/v2\/types\/product"}],"replies":[{"embeddable":true,"href":"https:\/\/tiendasamor.com\/index.php\/wp-json\/wp\/v2\/comments?post=1513"}],"wp:featuredmedia":[{"embeddable":true,"href":"https:\/\/tiendasamor.com\/index.php\/wp-json\/wp\/v2\/media\/1514"}],"wp:attachment":[{"href":"https:\/\/tiendasamor.com\/index.php\/wp-json\/wp\/v2\/media?parent=1513"}],"wp:term":[{"taxonomy":"product_brand","embeddable":true,"href":"https:\/\/tiendasamor.com\/index.php\/wp-json\/wp\/v2\/product_brand?post=1513"},{"taxonomy":"product_cat","embeddable":true,"href":"https:\/\/tiendasamor.com\/index.php\/wp-json\/wp\/v2\/product_cat?post=1513"},{"taxonomy":"product_tag","embeddable":true,"href":"https:\/\/tiendasamor.com\/index.php\/wp-json\/wp\/v2\/product_tag?post=1513"}],"curies":[{"name":"wp","href":"https:\/\/api.w.org\/{rel}","templated":true}]}}