{"id":1476,"date":"2023-12-07T18:42:50","date_gmt":"2023-12-07T23:42:50","guid":{"rendered":"https:\/\/tiendasamor.com\/?post_type=product&#038;p=1476"},"modified":"2023-12-07T18:42:50","modified_gmt":"2023-12-07T23:42:50","slug":"ultra-passionate-harness","status":"publish","type":"product","link":"https:\/\/tiendasamor.com\/index.php\/producto\/ultra-passionate-harness\/","title":{"rendered":"Ultra Passionate Harness"},"content":{"rendered":"<p>Esta correa perfecta incluye un shaf hueco y veteado para una experiencia inolvidable de estimulaci\u00f3n y penetraci\u00f3n. Las correas ajustables aseguran una experiencia c\u00f3moda y un ajuste seguro durante el uso. Ofrece vibraciones potentes para una estimulaci\u00f3n adicional y un consolador hueco para que hombres y mujeres puedan usar este cintur\u00f3n.<\/p>\n<ul>\n<li>Material: TPR<\/li>\n<li>Control de mano para mayor comodidad<\/li>\n<li>F\u00e1cil uso y Limpieza<\/li>\n<li>Requiere 2\u00a0 pilas AA (No incluido)<\/li>\n<li>Largo: 15 cm \u2013\u00a0 Largo hueco: 9 cm \u2013\u00a0 Ancho: 4 \u2013 5 cm<\/li>\n<\/ul>\n","protected":false},"excerpt":{"rendered":"<p>Esta correa perfecta incluye un shaf hueco y veteado para una experiencia inolvidable de estimulaci\u00f3n y penetraci\u00f3n. Las correas ajustables aseguran una experiencia c\u00f3moda y un ajuste seguro durante el uso. Ofrece vibraciones potentes para una estimulaci\u00f3n adicional y un consolador hueco para que hombres y mujeres puedan usar este cintur\u00f3n. Material: TPR Control de [&hellip;]<\/p>\n","protected":false},"featured_media":1477,"comment_status":"open","ping_status":"closed","template":"","meta":[],"product_brand":[],"product_cat":[45,46],"product_tag":[],"class_list":{"0":"post-1476","1":"product","2":"type-product","3":"status-publish","4":"has-post-thumbnail","6":"product_cat-fundas-extensoras","7":"product_cat-protesis","9":"first","10":"instock","11":"shipping-taxable","12":"purchasable","13":"product-type-simple"},"_links":{"self":[{"href":"https:\/\/tiendasamor.com\/index.php\/wp-json\/wp\/v2\/product\/1476","targetHints":{"allow":["GET"]}}],"collection":[{"href":"https:\/\/tiendasamor.com\/index.php\/wp-json\/wp\/v2\/product"}],"about":[{"href":"https:\/\/tiendasamor.com\/index.php\/wp-json\/wp\/v2\/types\/product"}],"replies":[{"embeddable":true,"href":"https:\/\/tiendasamor.com\/index.php\/wp-json\/wp\/v2\/comments?post=1476"}],"wp:featuredmedia":[{"embeddable":true,"href":"https:\/\/tiendasamor.com\/index.php\/wp-json\/wp\/v2\/media\/1477"}],"wp:attachment":[{"href":"https:\/\/tiendasamor.com\/index.php\/wp-json\/wp\/v2\/media?parent=1476"}],"wp:term":[{"taxonomy":"product_brand","embeddable":true,"href":"https:\/\/tiendasamor.com\/index.php\/wp-json\/wp\/v2\/product_brand?post=1476"},{"taxonomy":"product_cat","embeddable":true,"href":"https:\/\/tiendasamor.com\/index.php\/wp-json\/wp\/v2\/product_cat?post=1476"},{"taxonomy":"product_tag","embeddable":true,"href":"https:\/\/tiendasamor.com\/index.php\/wp-json\/wp\/v2\/product_tag?post=1476"}],"curies":[{"name":"wp","href":"https:\/\/api.w.org\/{rel}","templated":true}]}}