{"id":1387,"date":"2023-12-07T13:05:05","date_gmt":"2023-12-07T18:05:05","guid":{"rendered":"https:\/\/tiendasamor.com\/?post_type=product&#038;p=1387"},"modified":"2023-12-07T13:05:05","modified_gmt":"2023-12-07T18:05:05","slug":"esposas-wrists-cuffs","status":"publish","type":"product","link":"https:\/\/tiendasamor.com\/index.php\/producto\/esposas-wrists-cuffs\/","title":{"rendered":"Esposas Wrists Cuffs"},"content":{"rendered":"<p>Toma el control y castigar tu pareja sin tener ellos un artillero o resisting su Wrath con estos pu\u00f1os de mu\u00f1eca de lujo. Estos pu\u00f1os lo suficientemente fuerte como para soportar fuerza de un hombre, pero lo suficientemente suave para Caress un toque femenino. Perfecto para primera vez Bondage desapercibido. Rosa Rojo Negro lujo Fetish mu\u00f1ecas pu\u00f1os son un Ultimate Fetish Toy para sentir la incre\u00edble sensaci\u00f3n junto con tu pareja. Se considera que ser ideal para bondage con tu amante. Est\u00e1 fabricado con 100% Seda. Por lo tanto, usted puede sentir su suavidad.<\/p>\n<ul class=\"a-unordered-list a-vertical a-spacing-mini\">\n<li><span class=\"a-list-item\">Fetiche de Lujo de Las mu\u00f1ecas.<\/span><\/li>\n<li><span class=\"a-list-item\">Lujo ataduras para mu\u00f1ecas<\/span><\/li>\n<li><span class=\"a-list-item\">BONDAGE bajos de Aphrodisia<\/span><\/li>\n<li><span class=\"a-list-item\">Principiantes bondage para parejas<\/span><\/li>\n<\/ul>\n","protected":false},"excerpt":{"rendered":"<p>Toma el control y castigar tu pareja sin tener ellos un artillero o resisting su Wrath con estos pu\u00f1os de mu\u00f1eca de lujo. Estos pu\u00f1os lo suficientemente fuerte como para soportar fuerza de un hombre, pero lo suficientemente suave para Caress un toque femenino. Perfecto para primera vez Bondage desapercibido. Rosa Rojo Negro lujo Fetish [&hellip;]<\/p>\n","protected":false},"featured_media":1388,"comment_status":"open","ping_status":"closed","template":"","meta":[],"product_brand":[],"product_cat":[20,53],"product_tag":[],"class_list":{"0":"post-1387","1":"product","2":"type-product","3":"status-publish","4":"has-post-thumbnail","6":"product_cat-bondage","7":"product_cat-esposa","9":"first","10":"instock","11":"shipping-taxable","12":"purchasable","13":"product-type-simple"},"_links":{"self":[{"href":"https:\/\/tiendasamor.com\/index.php\/wp-json\/wp\/v2\/product\/1387","targetHints":{"allow":["GET"]}}],"collection":[{"href":"https:\/\/tiendasamor.com\/index.php\/wp-json\/wp\/v2\/product"}],"about":[{"href":"https:\/\/tiendasamor.com\/index.php\/wp-json\/wp\/v2\/types\/product"}],"replies":[{"embeddable":true,"href":"https:\/\/tiendasamor.com\/index.php\/wp-json\/wp\/v2\/comments?post=1387"}],"wp:featuredmedia":[{"embeddable":true,"href":"https:\/\/tiendasamor.com\/index.php\/wp-json\/wp\/v2\/media\/1388"}],"wp:attachment":[{"href":"https:\/\/tiendasamor.com\/index.php\/wp-json\/wp\/v2\/media?parent=1387"}],"wp:term":[{"taxonomy":"product_brand","embeddable":true,"href":"https:\/\/tiendasamor.com\/index.php\/wp-json\/wp\/v2\/product_brand?post=1387"},{"taxonomy":"product_cat","embeddable":true,"href":"https:\/\/tiendasamor.com\/index.php\/wp-json\/wp\/v2\/product_cat?post=1387"},{"taxonomy":"product_tag","embeddable":true,"href":"https:\/\/tiendasamor.com\/index.php\/wp-json\/wp\/v2\/product_tag?post=1387"}],"curies":[{"name":"wp","href":"https:\/\/api.w.org\/{rel}","templated":true}]}}