{"id":1323,"date":"2023-12-06T17:20:55","date_gmt":"2023-12-06T22:20:55","guid":{"rendered":"https:\/\/tiendasamor.com\/?post_type=product&#038;p=1323"},"modified":"2023-12-06T17:20:56","modified_gmt":"2023-12-06T22:20:56","slug":"durex-clasico-caja-3-un","status":"publish","type":"product","link":"https:\/\/tiendasamor.com\/index.php\/producto\/durex-clasico-caja-3-un\/","title":{"rendered":"Durex Cl\u00e1sico Caja 3 UN"},"content":{"rendered":"<p>Los preservativos Durex Cl\u00e1sico est\u00e1n elaborado de l\u00e1tex natural, est\u00e1n especialmente dise\u00f1ados para brindar mayor seguridad y confianza, su forma es anat\u00f3mica, cuenta con lubricante a base de agua. Largo 195 mm Ancho nominal 56 mm, espesor 0.065 mm. Venta exclusiva para mayores de edad.<\/p>\n<div>\n<div class=\"additional-information-container card\">\n<div class=\"mat-tab-body-wrapper\">\n<div class=\"mat-tab-body-content ng-tns-c317-20 ng-trigger ng-trigger-translateTab\">\n<div>\n<div>\n<div class=\"additional-information-container card\">\n<div class=\"mat-tab-body-wrapper\">\n<div class=\"mat-tab-body-content ng-tns-c317-21 ng-trigger ng-trigger-translateTab\">\n<div>\n<ul>\n<li>Largo 195 mm, Ancho nominal 56 mm, espesor 0,065 mm (valores nominales)<\/li>\n<li>Con lubricante a base de agua<\/li>\n<li>Cond\u00f3n Transparente de L\u00e1tex natural<\/li>\n<\/ul>\n<\/div>\n<\/div>\n<\/div>\n<\/div>\n<\/div>\n<\/div>\n<\/div>\n<\/div>\n<\/div>\n<\/div>\n","protected":false},"excerpt":{"rendered":"<p>Los preservativos Durex Cl\u00e1sico est\u00e1n elaborado de l\u00e1tex natural, est\u00e1n especialmente dise\u00f1ados para brindar mayor seguridad y confianza, su forma es anat\u00f3mica, cuenta con lubricante a base de agua. Largo 195 mm Ancho nominal 56 mm, espesor 0.065 mm. Venta exclusiva para mayores de edad. Largo 195 mm, Ancho nominal 56 mm, espesor 0,065 mm [&hellip;]<\/p>\n","protected":false},"featured_media":1324,"comment_status":"open","ping_status":"closed","template":"","meta":[],"product_brand":[],"product_cat":[22],"product_tag":[],"class_list":{"0":"post-1323","1":"product","2":"type-product","3":"status-publish","4":"has-post-thumbnail","6":"product_cat-preservativos","8":"first","9":"instock","10":"shipping-taxable","11":"purchasable","12":"product-type-simple"},"_links":{"self":[{"href":"https:\/\/tiendasamor.com\/index.php\/wp-json\/wp\/v2\/product\/1323","targetHints":{"allow":["GET"]}}],"collection":[{"href":"https:\/\/tiendasamor.com\/index.php\/wp-json\/wp\/v2\/product"}],"about":[{"href":"https:\/\/tiendasamor.com\/index.php\/wp-json\/wp\/v2\/types\/product"}],"replies":[{"embeddable":true,"href":"https:\/\/tiendasamor.com\/index.php\/wp-json\/wp\/v2\/comments?post=1323"}],"wp:featuredmedia":[{"embeddable":true,"href":"https:\/\/tiendasamor.com\/index.php\/wp-json\/wp\/v2\/media\/1324"}],"wp:attachment":[{"href":"https:\/\/tiendasamor.com\/index.php\/wp-json\/wp\/v2\/media?parent=1323"}],"wp:term":[{"taxonomy":"product_brand","embeddable":true,"href":"https:\/\/tiendasamor.com\/index.php\/wp-json\/wp\/v2\/product_brand?post=1323"},{"taxonomy":"product_cat","embeddable":true,"href":"https:\/\/tiendasamor.com\/index.php\/wp-json\/wp\/v2\/product_cat?post=1323"},{"taxonomy":"product_tag","embeddable":true,"href":"https:\/\/tiendasamor.com\/index.php\/wp-json\/wp\/v2\/product_tag?post=1323"}],"curies":[{"name":"wp","href":"https:\/\/api.w.org\/{rel}","templated":true}]}}