{"id":1317,"date":"2023-12-06T17:12:13","date_gmt":"2023-12-06T22:12:13","guid":{"rendered":"https:\/\/tiendasamor.com\/?post_type=product&#038;p=1317"},"modified":"2023-12-06T17:12:13","modified_gmt":"2023-12-06T22:12:13","slug":"durex-placer-prolongado-caja-3-un","status":"publish","type":"product","link":"https:\/\/tiendasamor.com\/index.php\/producto\/durex-placer-prolongado-caja-3-un\/","title":{"rendered":"Durex Placer Prolongado Caja 3 UN"},"content":{"rendered":"<p>Los preservativos Durex Placer Prolongados, est\u00e1 elaborado con un lubricante especial que contiene benzoca\u00edna que ayuda al hombre a retardar el cl\u00edmax y a prolongar el placer. Cuenta con forma anat\u00f3mica. Largo 195 mm, Ancho nominal 56 mm, espesor 0.052 mm.<\/p>\n<ul>\n<li>Texturizado con estr\u00edas y puntos<\/li>\n<li>Lubricado con fluido de silic\u00f3n<\/li>\n<li>Largo 195 mm, Ancho 56 mm, espesor 0,052 mm (valores nominales)<\/li>\n<\/ul>\n","protected":false},"excerpt":{"rendered":"<p>Los preservativos Durex Placer Prolongados, est\u00e1 elaborado con un lubricante especial que contiene benzoca\u00edna que ayuda al hombre a retardar el cl\u00edmax y a prolongar el placer. Cuenta con forma anat\u00f3mica. Largo 195 mm, Ancho nominal 56 mm, espesor 0.052 mm. Texturizado con estr\u00edas y puntos Lubricado con fluido de silic\u00f3n Largo 195 mm, Ancho [&hellip;]<\/p>\n","protected":false},"featured_media":1318,"comment_status":"open","ping_status":"closed","template":"","meta":[],"product_brand":[],"product_cat":[22],"product_tag":[],"class_list":{"0":"post-1317","1":"product","2":"type-product","3":"status-publish","4":"has-post-thumbnail","6":"product_cat-preservativos","8":"first","9":"instock","10":"shipping-taxable","11":"purchasable","12":"product-type-simple"},"_links":{"self":[{"href":"https:\/\/tiendasamor.com\/index.php\/wp-json\/wp\/v2\/product\/1317","targetHints":{"allow":["GET"]}}],"collection":[{"href":"https:\/\/tiendasamor.com\/index.php\/wp-json\/wp\/v2\/product"}],"about":[{"href":"https:\/\/tiendasamor.com\/index.php\/wp-json\/wp\/v2\/types\/product"}],"replies":[{"embeddable":true,"href":"https:\/\/tiendasamor.com\/index.php\/wp-json\/wp\/v2\/comments?post=1317"}],"wp:featuredmedia":[{"embeddable":true,"href":"https:\/\/tiendasamor.com\/index.php\/wp-json\/wp\/v2\/media\/1318"}],"wp:attachment":[{"href":"https:\/\/tiendasamor.com\/index.php\/wp-json\/wp\/v2\/media?parent=1317"}],"wp:term":[{"taxonomy":"product_brand","embeddable":true,"href":"https:\/\/tiendasamor.com\/index.php\/wp-json\/wp\/v2\/product_brand?post=1317"},{"taxonomy":"product_cat","embeddable":true,"href":"https:\/\/tiendasamor.com\/index.php\/wp-json\/wp\/v2\/product_cat?post=1317"},{"taxonomy":"product_tag","embeddable":true,"href":"https:\/\/tiendasamor.com\/index.php\/wp-json\/wp\/v2\/product_tag?post=1317"}],"curies":[{"name":"wp","href":"https:\/\/api.w.org\/{rel}","templated":true}]}}