{"id":1242,"date":"2023-12-06T13:18:32","date_gmt":"2023-12-06T18:18:32","guid":{"rendered":"https:\/\/tiendasamor.com\/?post_type=product&#038;p=1242"},"modified":"2023-12-06T13:20:03","modified_gmt":"2023-12-06T18:20:03","slug":"gel-durex-play-cerezas-50ml","status":"publish","type":"product","link":"https:\/\/tiendasamor.com\/index.php\/producto\/gel-durex-play-cerezas-50ml\/","title":{"rendered":"Gel Durex Play Cerezas 50ml"},"content":{"rendered":"<p>Durex play gel de placer cerezas de pasi\u00f3n tiene un delicioso y suave sabor a frutas. Los lubricantes Durex pueden ayudar a disminuir la incomodidad por resequedad vaginal para crear una experiencia \u00fanica y placentera para ambos. Aromatizado para una deliciosa experiencia \u00edntima. No pegajoso, no grasoso y sin az\u00facar.<\/p>\n<ul>\n<li>Aromatizado para una deliciosa experiencia \u00edntima<\/li>\n<li>No pegajoso, no grasoso y no contiene az\u00facar<\/li>\n<li>\u00dasalos donde y cuando quieras<\/li>\n<\/ul>\n","protected":false},"excerpt":{"rendered":"<p>Durex play gel de placer cerezas de pasi\u00f3n tiene un delicioso y suave sabor a frutas. Los lubricantes Durex pueden ayudar a disminuir la incomodidad por resequedad vaginal para crear una experiencia \u00fanica y placentera para ambos. Aromatizado para una deliciosa experiencia \u00edntima. No pegajoso, no grasoso y sin az\u00facar. Aromatizado para una deliciosa experiencia [&hellip;]<\/p>\n","protected":false},"featured_media":1243,"comment_status":"open","ping_status":"closed","template":"","meta":[],"product_brand":[],"product_cat":[35,23],"product_tag":[],"class_list":{"0":"post-1242","1":"product","2":"type-product","3":"status-publish","4":"has-post-thumbnail","6":"product_cat-anales","7":"product_cat-lubricantes","9":"first","10":"instock","11":"shipping-taxable","12":"purchasable","13":"product-type-simple"},"_links":{"self":[{"href":"https:\/\/tiendasamor.com\/index.php\/wp-json\/wp\/v2\/product\/1242","targetHints":{"allow":["GET"]}}],"collection":[{"href":"https:\/\/tiendasamor.com\/index.php\/wp-json\/wp\/v2\/product"}],"about":[{"href":"https:\/\/tiendasamor.com\/index.php\/wp-json\/wp\/v2\/types\/product"}],"replies":[{"embeddable":true,"href":"https:\/\/tiendasamor.com\/index.php\/wp-json\/wp\/v2\/comments?post=1242"}],"wp:featuredmedia":[{"embeddable":true,"href":"https:\/\/tiendasamor.com\/index.php\/wp-json\/wp\/v2\/media\/1243"}],"wp:attachment":[{"href":"https:\/\/tiendasamor.com\/index.php\/wp-json\/wp\/v2\/media?parent=1242"}],"wp:term":[{"taxonomy":"product_brand","embeddable":true,"href":"https:\/\/tiendasamor.com\/index.php\/wp-json\/wp\/v2\/product_brand?post=1242"},{"taxonomy":"product_cat","embeddable":true,"href":"https:\/\/tiendasamor.com\/index.php\/wp-json\/wp\/v2\/product_cat?post=1242"},{"taxonomy":"product_tag","embeddable":true,"href":"https:\/\/tiendasamor.com\/index.php\/wp-json\/wp\/v2\/product_tag?post=1242"}],"curies":[{"name":"wp","href":"https:\/\/api.w.org\/{rel}","templated":true}]}}