{"id":1235,"date":"2023-12-06T12:50:46","date_gmt":"2023-12-06T17:50:46","guid":{"rendered":"https:\/\/tiendasamor.com\/?post_type=product&#038;p=1235"},"modified":"2024-05-15T12:59:22","modified_gmt":"2024-05-15T17:59:22","slug":"lubricante-k-y-gel-15g","status":"publish","type":"product","link":"https:\/\/tiendasamor.com\/index.php\/producto\/lubricante-k-y-gel-15g\/","title":{"rendered":"Lubricante K-Y Gel 15g"},"content":{"rendered":"<h4>Lubricante \u00cdntimo 15 G Unidad<\/h4>\n<h4>Beneficios:<\/h4>\n<ul>\n<li>Provee lubricaci\u00f3n en las zonas \u00edntimas<\/li>\n<li>lubrica preservativos<\/li>\n<li>Puede utilizarse como lubricante en ex\u00e1menes ginecol\u00f3gicos<\/li>\n<li>Gel lubricante para uso en genitales externos<\/li>\n<li>Es seguro para usar con preservativos<\/li>\n<\/ul>\n<h4>\u00bfC\u00f3mo se usa?<\/h4>\n<ul>\n<li>Gire la tapa y aplique la cantindad deseada de lubricante en la zona \u00edntima o directamente sobre el preservativo<\/li>\n<li>Aplique nuevamente si es necesario<\/li>\n<li>Vuelva a tapar despu\u00e9s de usarse<\/li>\n<\/ul>\n<h4>Advertencias de uso:<\/h4>\n<p class=\"pl-3\">Evitar el contacto con los ojos, piel irritada o heridas,Si observa alguna reacci\u00f3n desfavorable, suspenda su uso y consulte a su m\u00e9dico<\/p>\n","protected":false},"excerpt":{"rendered":"<p>Lubricante \u00cdntimo 15 G Unidad Beneficios: Provee lubricaci\u00f3n en las zonas \u00edntimas lubrica preservativos Puede utilizarse como lubricante en ex\u00e1menes ginecol\u00f3gicos Gel lubricante para uso en genitales externos Es seguro para usar con preservativos \u00bfC\u00f3mo se usa? Gire la tapa y aplique la cantindad deseada de lubricante en la zona \u00edntima o directamente sobre el [&hellip;]<\/p>\n","protected":false},"featured_media":1239,"comment_status":"open","ping_status":"closed","template":"","meta":[],"product_brand":[],"product_cat":[35,23],"product_tag":[],"class_list":{"0":"post-1235","1":"product","2":"type-product","3":"status-publish","4":"has-post-thumbnail","6":"product_cat-anales","7":"product_cat-lubricantes","9":"first","10":"instock","11":"shipping-taxable","12":"purchasable","13":"product-type-simple"},"_links":{"self":[{"href":"https:\/\/tiendasamor.com\/index.php\/wp-json\/wp\/v2\/product\/1235","targetHints":{"allow":["GET"]}}],"collection":[{"href":"https:\/\/tiendasamor.com\/index.php\/wp-json\/wp\/v2\/product"}],"about":[{"href":"https:\/\/tiendasamor.com\/index.php\/wp-json\/wp\/v2\/types\/product"}],"replies":[{"embeddable":true,"href":"https:\/\/tiendasamor.com\/index.php\/wp-json\/wp\/v2\/comments?post=1235"}],"wp:featuredmedia":[{"embeddable":true,"href":"https:\/\/tiendasamor.com\/index.php\/wp-json\/wp\/v2\/media\/1239"}],"wp:attachment":[{"href":"https:\/\/tiendasamor.com\/index.php\/wp-json\/wp\/v2\/media?parent=1235"}],"wp:term":[{"taxonomy":"product_brand","embeddable":true,"href":"https:\/\/tiendasamor.com\/index.php\/wp-json\/wp\/v2\/product_brand?post=1235"},{"taxonomy":"product_cat","embeddable":true,"href":"https:\/\/tiendasamor.com\/index.php\/wp-json\/wp\/v2\/product_cat?post=1235"},{"taxonomy":"product_tag","embeddable":true,"href":"https:\/\/tiendasamor.com\/index.php\/wp-json\/wp\/v2\/product_tag?post=1235"}],"curies":[{"name":"wp","href":"https:\/\/api.w.org\/{rel}","templated":true}]}}