{"id":1225,"date":"2023-12-05T19:50:08","date_gmt":"2023-12-06T00:50:08","guid":{"rendered":"https:\/\/tiendasamor.com\/?post_type=product&#038;p=1225"},"modified":"2024-05-14T19:37:30","modified_gmt":"2024-05-15T00:37:30","slug":"brocha-china-retardante","status":"publish","type":"product","link":"https:\/\/tiendasamor.com\/index.php\/producto\/brocha-china-retardante\/","title":{"rendered":"Brocha China Retardante"},"content":{"rendered":"<p>Es uno de los retardantes sexuales masculinos m\u00e1s antiguos y efectivos del mundo. Su formula fue creada como un tratamiento para la eyaculaci\u00f3n precoz y para prolongar la duraci\u00f3n de las erecciones del miembro viril.<\/p>\n<p>Esta mezcla oriental de hierbas arom\u00e1ticas, la cual se aplica a la parte inferior del glande en el pene prolonga f\u00e1cilmente la duraci\u00f3n del acto sexual.<\/p>\n<h3>Caracter\u00edsticas<\/h3>\n<ul>\n<li>Ingredientes: Aloe 5%, Clavo 5%, Ginseng Koreano 16%, Canela 20%, Agua Destilada 46%. 100% Natural! y sin efectos secundarios.<\/li>\n<li>Indetectable durante el Sexo Oral, Vaginal o Anal.<\/li>\n<li>No contiene ingredientes qu\u00edmicos.<\/li>\n<li>Un solo frasco proporciona al menos 45 aplicaciones.<\/li>\n<\/ul>\n<h3>Modo de Empleo:<\/h3>\n<p>Aplique una sola pincelada antes de la relaci\u00f3n sexual en la parte inferior del Glande (frenillo) para disfrutar de al menos una hora de relaciones sin eyaculaci\u00f3n.<\/p>\n","protected":false},"excerpt":{"rendered":"<p>Es uno de los retardantes sexuales masculinos m\u00e1s antiguos y efectivos del mundo. Su formula fue creada como un tratamiento para la eyaculaci\u00f3n precoz y para prolongar la duraci\u00f3n de las erecciones del miembro viril. Esta mezcla oriental de hierbas arom\u00e1ticas, la cual se aplica a la parte inferior del glande en el pene prolonga [&hellip;]<\/p>\n","protected":false},"featured_media":1226,"comment_status":"open","ping_status":"closed","template":"","meta":[],"product_brand":[],"product_cat":[48],"product_tag":[],"class_list":{"0":"post-1225","1":"product","2":"type-product","3":"status-publish","4":"has-post-thumbnail","6":"product_cat-retardantes","8":"first","9":"instock","10":"featured","11":"shipping-taxable","12":"purchasable","13":"product-type-simple"},"_links":{"self":[{"href":"https:\/\/tiendasamor.com\/index.php\/wp-json\/wp\/v2\/product\/1225","targetHints":{"allow":["GET"]}}],"collection":[{"href":"https:\/\/tiendasamor.com\/index.php\/wp-json\/wp\/v2\/product"}],"about":[{"href":"https:\/\/tiendasamor.com\/index.php\/wp-json\/wp\/v2\/types\/product"}],"replies":[{"embeddable":true,"href":"https:\/\/tiendasamor.com\/index.php\/wp-json\/wp\/v2\/comments?post=1225"}],"wp:featuredmedia":[{"embeddable":true,"href":"https:\/\/tiendasamor.com\/index.php\/wp-json\/wp\/v2\/media\/1226"}],"wp:attachment":[{"href":"https:\/\/tiendasamor.com\/index.php\/wp-json\/wp\/v2\/media?parent=1225"}],"wp:term":[{"taxonomy":"product_brand","embeddable":true,"href":"https:\/\/tiendasamor.com\/index.php\/wp-json\/wp\/v2\/product_brand?post=1225"},{"taxonomy":"product_cat","embeddable":true,"href":"https:\/\/tiendasamor.com\/index.php\/wp-json\/wp\/v2\/product_cat?post=1225"},{"taxonomy":"product_tag","embeddable":true,"href":"https:\/\/tiendasamor.com\/index.php\/wp-json\/wp\/v2\/product_tag?post=1225"}],"curies":[{"name":"wp","href":"https:\/\/api.w.org\/{rel}","templated":true}]}}