{"id":1200,"date":"2023-12-05T18:32:58","date_gmt":"2023-12-05T23:32:58","guid":{"rendered":"https:\/\/tiendasamor.com\/?post_type=product&#038;p=1200"},"modified":"2023-12-05T18:32:58","modified_gmt":"2023-12-05T23:32:58","slug":"powers-x-potenciador-sexual","status":"publish","type":"product","link":"https:\/\/tiendasamor.com\/index.php\/producto\/powers-x-potenciador-sexual\/","title":{"rendered":"Powers\u2019 x Potenciador Sexual"},"content":{"rendered":"<p>Powers\u2019 x Potenciador y Retardante Nueva Presentaci\u00f3n es un set x 4\u00a0 pastillas potenciadoras y retardantes, permiti\u00e9ndole al hombre tener erecciones m\u00e1s fuertes y duraderas, disfrutando as\u00ed de un notorio engrosamiento del pene, complaciendo y regocijando a su pareja en la mujer aumento del libido sexual.<\/p>\n<p>Esta exclusiva concentraci\u00f3n 100% segura se encarga del cuidado de la salud sexual, libre de hormonas o de componentes que le puedan causar da\u00f1o al organismo.<\/p>\n<p>Te ofrece la oportunidad de aumentar el flujo de sangre en el tejido er\u00e9ctil hac\u00eda los conductos sangu\u00edneos, d\u00e1ndole a su pene la capacidad de alcanzar su tama\u00f1o natural completo.<\/p>\n<p>Debes tomarlas una vez a la semana o tambi\u00e9n la puedes tomar dos veces a la semana, y se debe tomar con agua caliente o cualquier otra bebida caliente, ya sea caf\u00e9 o te.<br \/>\nSi vas a tener una relaci\u00f3n sexual tomate la capsula 45 minutos antes de la Relaci\u00f3n.<\/p>\n<p>No requiere de prescripci\u00f3n medica, es un suplemento para el aumento de la potencia sexual masculina, tambi\u00e9n se usa regularmente como un suplemento nutricional. Su efecto es Prolongado y Duradero hasta por una Semana.<\/p>\n<p>Suplemento dietario a base de Hierbas arom\u00e1ticas (70g), Chontaduro (15g) y Boroj\u00f3 (10g).<\/p>\n<p>Este producto es un suplemento dietario, no es un medicamento y no suple una alimentaci\u00f3n equilibrada. Mant\u00e9ngase fuera del alcance los ni\u00f1os. No consumir en estado de embarazo ni lactancia sin supervisi\u00f3n de un m\u00e9dico. Puede causar hipersensibilidad.<\/p>\n<ul>\n<li>Cada unidad contiene 4 tabletas.<\/li>\n<li>Producto de origen 100% natural.<\/li>\n<li>Mejora el rendimiento en las relaciones.<\/li>\n<li>Recomendado como tratamiento o para efecto inmediato.<\/li>\n<li>Elaborado por la industria colombiana.<\/li>\n<\/ul>\n","protected":false},"excerpt":{"rendered":"<p>Powers\u2019 x Potenciador y Retardante Nueva Presentaci\u00f3n es un set x 4\u00a0 pastillas potenciadoras y retardantes, permiti\u00e9ndole al hombre tener erecciones m\u00e1s fuertes y duraderas, disfrutando as\u00ed de un notorio engrosamiento del pene, complaciendo y regocijando a su pareja en la mujer aumento del libido sexual. Esta exclusiva concentraci\u00f3n 100% segura se encarga del cuidado [&hellip;]<\/p>\n","protected":false},"featured_media":1201,"comment_status":"open","ping_status":"closed","template":"","meta":[],"product_brand":[],"product_cat":[21,48],"product_tag":[],"class_list":{"0":"post-1200","1":"product","2":"type-product","3":"status-publish","4":"has-post-thumbnail","6":"product_cat-potencia-sexual","7":"product_cat-retardantes","9":"first","10":"instock","11":"shipping-taxable","12":"purchasable","13":"product-type-simple"},"_links":{"self":[{"href":"https:\/\/tiendasamor.com\/index.php\/wp-json\/wp\/v2\/product\/1200","targetHints":{"allow":["GET"]}}],"collection":[{"href":"https:\/\/tiendasamor.com\/index.php\/wp-json\/wp\/v2\/product"}],"about":[{"href":"https:\/\/tiendasamor.com\/index.php\/wp-json\/wp\/v2\/types\/product"}],"replies":[{"embeddable":true,"href":"https:\/\/tiendasamor.com\/index.php\/wp-json\/wp\/v2\/comments?post=1200"}],"wp:featuredmedia":[{"embeddable":true,"href":"https:\/\/tiendasamor.com\/index.php\/wp-json\/wp\/v2\/media\/1201"}],"wp:attachment":[{"href":"https:\/\/tiendasamor.com\/index.php\/wp-json\/wp\/v2\/media?parent=1200"}],"wp:term":[{"taxonomy":"product_brand","embeddable":true,"href":"https:\/\/tiendasamor.com\/index.php\/wp-json\/wp\/v2\/product_brand?post=1200"},{"taxonomy":"product_cat","embeddable":true,"href":"https:\/\/tiendasamor.com\/index.php\/wp-json\/wp\/v2\/product_cat?post=1200"},{"taxonomy":"product_tag","embeddable":true,"href":"https:\/\/tiendasamor.com\/index.php\/wp-json\/wp\/v2\/product_tag?post=1200"}],"curies":[{"name":"wp","href":"https:\/\/api.w.org\/{rel}","templated":true}]}}