{"id":1168,"date":"2023-12-05T16:21:11","date_gmt":"2023-12-05T21:21:11","guid":{"rendered":"https:\/\/tiendasamor.com\/?post_type=product&#038;p=1168"},"modified":"2023-12-05T16:26:15","modified_gmt":"2023-12-05T21:26:15","slug":"satisfyer-double-flex-con-app","status":"publish","type":"product","link":"https:\/\/tiendasamor.com\/index.php\/producto\/satisfyer-double-flex-con-app\/","title":{"rendered":"Satisfyer Double Flex con App"},"content":{"rendered":"<p>Sus tres potentes motores, ofrecen estimulaci\u00f3n simult\u00e1nea de tu zona G, cl\u00edtoris y labios, haciendo del Double Flex tu nuevo rabbit favorito. El Satisfyer Double Flex es compatible con la aplicaci\u00f3n gratuita de Satisfyer, disponible para iOS y Android.<\/p>\n<h3>Caracter\u00edsticas<\/h3>\n<ul>\n<li>3 motores estimulan la zona G, el cl\u00edtoris y los labios.<\/li>\n<li>Puedes crear tus propias vibraciones mediante la app de Satisfyer.<\/li>\n<li>Lo puedes sincronizar con Spotify y vibrar\u00e1 al ritmo de tu canci\u00f3n favorita.<\/li>\n<li>Posibilidad de utilizar tambi\u00e9n sin aplicaci\u00f3n, 50 combinaciones disponibles.<\/li>\n<li>Hecho de silicona suave y segura para el cuerpo.<\/li>\n<li>Impermeable (IPX7), se puede usar en la ducha.<\/li>\n<li>Recargable, cable de carga magn\u00e9tico USB incluido.<\/li>\n<\/ul>\n","protected":false},"excerpt":{"rendered":"<p>Sus tres potentes motores, ofrecen estimulaci\u00f3n simult\u00e1nea de tu zona G, cl\u00edtoris y labios, haciendo del Double Flex tu nuevo rabbit favorito. El Satisfyer Double Flex es compatible con la aplicaci\u00f3n gratuita de Satisfyer, disponible para iOS y Android. Caracter\u00edsticas 3 motores estimulan la zona G, el cl\u00edtoris y los labios. Puedes crear tus propias [&hellip;]<\/p>\n","protected":false},"featured_media":1170,"comment_status":"open","ping_status":"closed","template":"","meta":[],"product_brand":[],"product_cat":[44,18,43,62,27],"product_tag":[],"class_list":{"0":"post-1168","1":"product","2":"type-product","3":"status-publish","4":"has-post-thumbnail","6":"product_cat-clitorales","7":"product_cat-juguetes","8":"product_cat-rabbit","9":"product_cat-regalos","10":"product_cat-vibradores","12":"first","13":"instock","14":"shipping-taxable","15":"purchasable","16":"product-type-simple"},"_links":{"self":[{"href":"https:\/\/tiendasamor.com\/index.php\/wp-json\/wp\/v2\/product\/1168","targetHints":{"allow":["GET"]}}],"collection":[{"href":"https:\/\/tiendasamor.com\/index.php\/wp-json\/wp\/v2\/product"}],"about":[{"href":"https:\/\/tiendasamor.com\/index.php\/wp-json\/wp\/v2\/types\/product"}],"replies":[{"embeddable":true,"href":"https:\/\/tiendasamor.com\/index.php\/wp-json\/wp\/v2\/comments?post=1168"}],"wp:featuredmedia":[{"embeddable":true,"href":"https:\/\/tiendasamor.com\/index.php\/wp-json\/wp\/v2\/media\/1170"}],"wp:attachment":[{"href":"https:\/\/tiendasamor.com\/index.php\/wp-json\/wp\/v2\/media?parent=1168"}],"wp:term":[{"taxonomy":"product_brand","embeddable":true,"href":"https:\/\/tiendasamor.com\/index.php\/wp-json\/wp\/v2\/product_brand?post=1168"},{"taxonomy":"product_cat","embeddable":true,"href":"https:\/\/tiendasamor.com\/index.php\/wp-json\/wp\/v2\/product_cat?post=1168"},{"taxonomy":"product_tag","embeddable":true,"href":"https:\/\/tiendasamor.com\/index.php\/wp-json\/wp\/v2\/product_tag?post=1168"}],"curies":[{"name":"wp","href":"https:\/\/api.w.org\/{rel}","templated":true}]}}